999316 is divided by 74994.
36
What is the remainder when 10210255 is divided by 1279?
1277
Calculate the remainder when 159764699 is divided by 3072398.
3
What is the remainder when 359169 is divided by 5693?
510
Calculate the remainder when 505331 is divided by 9.
8
Calculate the remainder when 8041581 is divided by 5315.
5301
Calculate the remainder when 15849609 is divided by 5511.
5484
Calculate the remainder when 44835263 is divided by 79.
77
What is the remainder when 909503 is divided by 8193?
80
What is the remainder when 2570999 is divided by 1089?
959
What is the remainder when 31685 is divided by 10409?
458
Calculate the remainder when 3417872 is divided by 1570.
1552
What is the remainder when 302101 is divided by 302061?
40
What is the remainder when 4093247 is divided by 39?
2
Calculate the remainder when 174829 is divided by 1330.
599
What is the remainder when 77955 is divided by 75857?
2098
What is the remainder when 1116038 is divided by 1366?
16
What is the remainder when 470328616 is divided by 38?
32
Calculate the remainder when 530531 is divided by 369.
278
What is the remainder when 34656839 is divided by 73895?
84
What is the remainder when 266525 is divided by 647?
608
Calculate the remainder when 3140343 is divided by 1084.
1079
What is the remainder when 696358 is divided by 299?
286
What is the remainder when 16983 is divided by 585?
18
Calculate the remainder when 1243627 is divided by 1039.
983
Calculate the remainder when 59567112 is divided by 14891777.
4
Calculate the remainder when 35043104 is divided by 191.
143
Calculate the remainder when 18895388 is divided by 6328.
6308
What is the remainder when 14308519 is divided by 1405?
1404
Calculate the remainder when 1046881 is divided by 803.
572
What is the remainder when 16004301 is divided by 238?
229
Calculate the remainder when 10183195 is divided by 19034.
5
Calculate the remainder when 17585794 is divided by 62.
52
Calculate the remainder when 295862 is divided by 2386.
2384
Calculate the remainder when 13106021 is divided by 69344.
5
Calculate the remainder when 5112436 is divided by 23.
19
Calculate the remainder when 5262758 is divided by 63.
53
What is the remainder when 259384 is divided by 3461?
3270
What is the remainder when 95495991 is divided by 31831990?
21
Calculate the remainder when 3546312 is divided by 35112.
0
What is the remainder when 1706943 is divided by 426441?
1179
What is the remainder when 122801 is divided by 200?
1
What is the remainder when 192864 is divided by 125?
114
Calculate the remainder when 375791723 is divided by 1701.
1700
Calculate the remainder when 33680614 is divided by 623715.
4
What is the remainder when 129313036 is divided by 1266?
1264
What is the remainder when 302269318 is divided by 3915?
3913
Calculate the remainder when 1278711 is divided by 96.
87
Calculate the remainder when 647659 is divided by 2768.
2715
What is the remainder when 27809 is divided by 13753?
303
Calculate the remainder when 481536 is divided by 1158.
966
What is the remainder when 72027341 is divided by 393592?
5
What is the remainder when 37493356 is divided by 549?
499
Calculate the remainder when 4353019 is divided by 33.
22
Calculate the remainder when 4421802 is divided by 442170.
102
Calculate the remainder when 178065 is divided by 1288.
321
What is the remainder when 5915 is divided by 1707?
794
What is the remainder when 135449 is divided by 716?
125
What is the remainder when 21698437 is divided by 420?
397
Calculate the remainder when 10494902 is divided by 563.
19
Calculate the remainder when 4469331 is divided by 17.
14
What is the remainder when 12376768 is divided by 573?
541
Calculate the remainder when 44326910 is divided by 896.
894
Calculate the remainder when 150934 is divided by 3081.
3046
What is the remainder when 617624 is divided by 322?
28
Calculate the remainder when 7208299 is divided by 16345.
154
Calculate the remainder when 799048 is divided by 16.
8
What is the remainder when 1158146 is divided by 3192?
2642
What is the remainder when 1588465 is divided by 2250?
2215
Calculate the remainder when 513632 is divided by 171208.
8
What is the remainder when 319215 is divided by 106348?
171
What is the remainder when 335250287 is divided by 456?
455
Calculate the remainder when 3693038 is divided by 7942.
8
Calculate the remainder when 356428 is divided by 50832.
604
Calculate the remainder when 3185121 is divided by 227506.
37
Calculate the remainder when 4348407 is divided by 1449469.
0
Calculate the remainder when 65395 is divided by 283.
22
Calculate the remainder when 139870829 is divided by 230.
9
Calculate the remainder when 428483 is divided by 214213.
57
Calculate the remainder when 14175136 is divided by 30.
16
Calculate the remainder when 5268755 is divided by 5268606.
149
What is the remainder when 13436973 is divided by 6718457?
59
What is the remainder when 4500747 is divided by 1040?
667
Calculate the remainder when 399194 is divided by 135.
134
Calculate the remainder when 586259 is divided by 2807.
2403
Calculate the remainder when 113309017 is divided by 2791.
2790
What is the remainder when 9521221 is divided by 581?
374
What is the remainder when 2058550 is divided by 35492?
14
What is the remainder when 185739 is divided by 185730?
9
What is the remainder when 1590038 is divided by 92?
2
What is the remainder when 3112780 is divided by 311278?
0
What is the remainder when 724461 is divided by 22597?
1357
Calculate the remainder when 660591 is divided by 206.
155
What is the remainder when 3606983 is divided by 478?
473
What is the remainder when 254476 is divided by 8864?
6284
Calculate the remainder when 452751 is divided by 98.
89
What is the remainder when 317021 is divided by 22?
1
Calculate the remainder when 1982959 is divided by 14798.
27
Calculate the remainder when 480891 is divided by 1233.
21
Calculate the remainder when 27110478 is divided by 545.
543
Calculate the remainder when 5530291 is divided by 391.
378
Calculate the remainder when 5795544 is divided by 6991.
5
Calculate the remainder when 52757265 is divided by 143.
132
Calculate the remainder when 2196630 is divided by 44.
18
Calculate the remainder when 340129 is divided by 339342.
787
What is the remainder when 6475042 is divided by 679?
98
Calculate the remainder when 190704 is divided by 3123.
201
What is the remainder when 41275178 is divided by 13758387?
17
What is the remainder when 10816982 is divided by 828?
818
What is the remainder when 38873471 is divided by 765?
761
What is the remainder when 634518 is divided by 2518?
2500
Calculate the remainder when 30511 is divided by 1055.
971
What is the remainder when 2505797 is divided by 3632?
3349
What is the remainder when 111804111 is divided by 112?
111
Calculate the remainder when 59476772 is divided by 1338.
1334
Calculate the remainder when 469781 is divided by 156591.
8
What is the remainder when 10041183 is divided by 166?
9
Calculate the remainder when 121937 is divided by 5360.
4017
Calculate the remainder when 267623074 is divided by 42.
40
Calculate the remainder when 120630 is divided by 1049.
1044
What is the remainder when 2361753 is divided by 42?
9
Calculate the remainder when 106937 is divided by 5661.
5039
What is the remainder when 16407 is divided by 3751?
1403
Calculate the remainder when 259396 is divided by 129689.
18
What is the remainder when 341191 is divided by 34118?
11
What is the remainder when 4785649 is divided by 126?
43
What is the remainder when 144985 is divided by 1275?
910
Calculate the remainder when 202086 is divided by 66958.
1212
Calculate the remainder when 35496955 is divided by 764.
751
What is the remainder when 415773142 is divided by 296?
294
Calculate the remainder when 472597 is divided by 425.
422
Calculate the remainder when 324577 is divided by 326.
207
Calculate the remainder when 5448240 is divided by 3.
0
What is the remainder when 173493 is divided by 4337?
13
What is the remainder when 597267 is divided by 3929?
59
Calculate the remainder when 755313 is divided by 5432.
265
Calculate the remainder when 37352275 is divided by 3754.
3729
Calculate the remainder when 7192 is divided by 93.
31
What is t